{"id":40,"date":"2020-10-15T20:54:40","date_gmt":"2020-10-15T19:54:40","guid":{"rendered":"https:\/\/xn--rechenschwche-therapie-94b.ch\/?page_id=40"},"modified":"2025-05-26T17:34:24","modified_gmt":"2025-05-26T16:34:24","slug":"orte-termine-und-konditionen","status":"publish","type":"page","link":"https:\/\/www.rechenschwaeche-therapie.ch\/index.php\/orte-termine-und-konditionen\/","title":{"rendered":"Orte, Termine und Konditionen"},"content":{"rendered":"\n<p><strong><strong>M\u00f6gliche Gemeinden<\/strong><br><\/strong>Wettswil, Bonstetten, Birmensdorf, Aesch, Stallikon, Hedingen, Urdorf, Islisberg, Arni, Uitikon-Waldegg, Ottenbach, Obfelden, Affoltern, Aeugst am Albis, T\u00fcrlen, Adliswil, Mettmenstetten, Hausen, Z\u00fcrich (Wollishofen, Wiedikon, Enge, Abisrieden)<strong><br><\/strong>Weitere m\u00f6gliche Gemeinden\/Orte auf Anfrage.<\/p>\n\n\n\n<p>Der Unterricht sowie die Beratung finden im VW-Bus statt (ist mit einer Standheizung f\u00fcr den Winter bzw. mit einem K\u00fchlger\u00e4t f\u00fcr den Sommer ausger\u00fcstet) oder draussen unter der schattenspendenden Markise. Der Ort ist grunds\u00e4tzlich frei w\u00e4hlbar. Der VW-Bus kann irgendwo im Gr\u00fcnen (z.B. auf einem Vita Parcours Parkplatz am Waldrand), in der N\u00e4he der Schule oder auch bei Ihnen zu Hause auf dem Parkplatz stehen.<\/p>\n\n\n\n<p><strong>Termine nach Absprache<br>Dauer: 50 Minuten<br>Kosten: <\/strong><br><strong>Einzellektion <strong>130.- <\/strong><\/strong><br><strong>Lektion zu zweit 80.- pro Person<\/strong> (macht nur Sinn, wenn die Kinder \u00e4hnliche Schwierigkeiten haben und\/oder die Motivation durch eine(n) Freund(in) zur Unterst\u00fctzung ben\u00f6tigen)<br><br>Anfahrtsweg ist inklusive, falls Sie einen Ort in Wettswil oder Bonstetten w\u00e4hlen. Falls ein anderer Ort gew\u00fcnscht wird,&nbsp; verrechne ich einen kleinen Aufpreis f\u00fcr die Anfahrt, siehe Liste unten.<\/p>\n\n\n\n<p><strong>Leistungen inklusive<\/strong><\/p>\n\n\n\n<ul class=\"wp-block-list\">\n<li>Anfahrtsweg innerhalb von Wettswil und Bonstetten <\/li>\n\n\n\n<li>Ein Telefongespr\u00e4ch oder Mail im Voraus<\/li>\n\n\n\n<li>regelm\u00e4ssige Information \u00fcber den Stundeninhalt, Fortschritte, \u00dcbungsideen f\u00fcr zu Hause (meistens via Sprachnachricht)<\/li>\n\n\n\n<li>kurze Kontaktaufnahme mit der Lehrperson\/Heilp\u00e4dagogIn (auf Wunsch), bevorzugt via Konktaktheft<\/li>\n\n\n\n<li>Vor- und Nachbereitungszeit pro gebuchte Stunde, um einen m\u00f6glichst optimalen Lernfortschritt zu erzielen<\/li>\n\n\n\n<li>kurzer eMail-Verkehr<\/li>\n\n\n\n<li>Buchtipps bei Bedarf<\/li>\n<\/ul>\n\n\n\n<p><strong>Weg (wird pro Lektion nur einmal verrechnet)<\/strong><\/p>\n\n\n\n<ul class=\"wp-block-list\">\n<li><strong>Gratis f\u00fcr Wettswil und Bonstetten<\/strong><\/li>\n\n\n\n<li>20.- Stallikon, Birmensdorf<\/li>\n\n\n\n<li>30.- f\u00fcr Hedingen, Aesch, Islisberg<\/li>\n\n\n\n<li>40.- f\u00fcr Arni, Uitikon-Waldegg, Mettmenstetten, Obfelden, Ottenbach, Urdorf, Aeugst, T\u00fcrlen, Affoltern a. A.<\/li>\n\n\n\n<li>50.- Z\u00fcrich, Hausen a. A., Adliswil<\/li>\n\n\n\n<li>Weitere Gemeinden auf Anfrage<\/li>\n<\/ul>\n\n\n\n<p><strong>Gerne d\u00fcrfen Sie Ihr Kind auch zu einem Ort nach Ihrer Wahl in Wettswil oder Bonstetten bringen, um die Wegkosten zu sparen&nbsp;&nbsp;&nbsp;&nbsp;&nbsp; &nbsp; &nbsp; &nbsp; &nbsp; &nbsp; &nbsp; &nbsp; &nbsp;<\/strong> &nbsp; &nbsp;&nbsp;&nbsp;<\/p>\n\n\n\n<p>Im Verhinderungsfall bitte ich Sie, mir dies sp\u00e4testens 24 Stunden vorher mitzuteilen. Andernfalls muss ich Ihnen leider den ganzen Betrag in Rechnung stellen.<\/p>\n\n\n\n<p><\/p>\n","protected":false},"excerpt":{"rendered":"<p>M\u00f6gliche GemeindenWettswil, Bonstetten, Birmensdorf, Aesch, Stallikon, Hedingen, Urdorf, Islisberg, Arni, Uitikon-Waldegg, Ottenbach, Obfelden, Affoltern, Aeugst am Albis, T\u00fcrlen, Adliswil, Mettmenstetten, Hausen, Z\u00fcrich (Wollishofen, Wiedikon, Enge, Abisrieden)Weitere m\u00f6gliche Gemeinden\/Orte auf Anfrage. Der Unterricht sowie die Beratung finden im VW-Bus statt (ist mit einer Standheizung f\u00fcr den Winter bzw. mit einem K\u00fchlger\u00e4t f\u00fcr den Sommer ausger\u00fcstet) oder [&hellip;]<\/p>\n","protected":false},"author":1,"featured_media":0,"parent":0,"menu_order":0,"comment_status":"closed","ping_status":"closed","template":"","meta":{"footnotes":""},"class_list":["post-40","page","type-page","status-publish","hentry"],"_links":{"self":[{"href":"https:\/\/www.rechenschwaeche-therapie.ch\/index.php\/wp-json\/wp\/v2\/pages\/40","targetHints":{"allow":["GET"]}}],"collection":[{"href":"https:\/\/www.rechenschwaeche-therapie.ch\/index.php\/wp-json\/wp\/v2\/pages"}],"about":[{"href":"https:\/\/www.rechenschwaeche-therapie.ch\/index.php\/wp-json\/wp\/v2\/types\/page"}],"author":[{"embeddable":true,"href":"https:\/\/www.rechenschwaeche-therapie.ch\/index.php\/wp-json\/wp\/v2\/users\/1"}],"replies":[{"embeddable":true,"href":"https:\/\/www.rechenschwaeche-therapie.ch\/index.php\/wp-json\/wp\/v2\/comments?post=40"}],"version-history":[{"count":16,"href":"https:\/\/www.rechenschwaeche-therapie.ch\/index.php\/wp-json\/wp\/v2\/pages\/40\/revisions"}],"predecessor-version":[{"id":369,"href":"https:\/\/www.rechenschwaeche-therapie.ch\/index.php\/wp-json\/wp\/v2\/pages\/40\/revisions\/369"}],"wp:attachment":[{"href":"https:\/\/www.rechenschwaeche-therapie.ch\/index.php\/wp-json\/wp\/v2\/media?parent=40"}],"curies":[{"name":"wp","href":"https:\/\/api.w.org\/{rel}","templated":true}]}}