{"id":25,"date":"2020-10-15T20:34:52","date_gmt":"2020-10-15T19:34:52","guid":{"rendered":"https:\/\/xn--rechenschwche-therapie-94b.ch\/?page_id=25"},"modified":"2024-11-19T15:04:07","modified_gmt":"2024-11-19T14:04:07","slug":"qualifikationen","status":"publish","type":"page","link":"https:\/\/www.rechenschwaeche-therapie.ch\/index.php\/qualifikationen\/","title":{"rendered":"Qualifikationen"},"content":{"rendered":"\n<p><strong>Grundausbildungen:<\/strong><\/p>\n\n\n\n<ul class=\"wp-block-list\">\n<li>Mathematisch-naturwissenschaftliches Gymnasium R\u00e4mib\u00fchl<\/li>\n\n\n\n<li>Primarlehrerausbildung ( Kanton Z\u00fcrich)<\/li>\n<\/ul>\n\n\n\n<p><strong>Relevante Weiterbildungen:<\/strong><\/p>\n\n\n\n<ul class=\"wp-block-list\">\n<li>CAS &#8222;F\u00f6rderung bei Rechenschw\u00e4che&#8220; an der HfH (Interkantonale Hochschule f\u00fcr Heilp\u00e4dagogik), Mai 2021 bis Mai 2022<\/li>\n\n\n\n<li>Ausbildung zur Dyskalkulie-Therapeutin am Zentrum f\u00fcr Rechenschw\u00e4che in Basel 2019-2020<\/li>\n\n\n\n<li>Elternberatung (Akademie f\u00fcr Lerncoaching von Fabian Grolimund und Stefanie Ritzler)<\/li>\n\n\n\n<li>Lerncoaching von Jugendlichen und Erwachsenen (Akademie f\u00fcr Lerncoaching von Fabian Grolimund und Stefanie Ritzler)<\/li>\n<\/ul>\n\n\n\n<p><strong>Kurse:<\/strong><\/p>\n\n\n\n<ul class=\"wp-block-list\">\n<li>Dyskalkulie &#8211; neue Forschungserkenntnisse und evidenzbasierte F\u00f6rderung, <br>Kursleitung: Dr. phil. Ursina McCaskey und PD Dr. sc. nat. Karin Kucian (Neurowissenschaftlerinnen  am Zentrum MR-Forschung des Universit\u00e4ts-Kinderspitals Z\u00fcrich), sowie Marianne Fl\u00fcckiger B\u00f6sch, Dipl. Ergotherapeutin HF \/ Dozentin<\/li>\n\n\n\n<li>Rechenschw\u00e4che erkennen (Z\u00fcrcher Arbeitsgemeinschaft f\u00fcr Weiterbildung der Lehrpersonen (ZAL))<\/li>\n\n\n\n<li>Lernen-Lernstrategien erfolgreich vermitteln (Akademie f\u00fcr Lerncoaching, Fabian Grolimund)<\/li>\n<\/ul>\n\n\n\n<p><strong>Arbeitserfahrung:<\/strong><\/p>\n\n\n\n<ul class=\"wp-block-list\">\n<li>Primarlehrerin seit &nbsp;2000, 1. bis 6. Klasse (Schwerpunkt in der Mittelstufe, Begleitung mehrerer \u00dcbertritte in die Oberstufe), sowie Stellvertretung als Heilp\u00e4dagogin<\/li>\n\n\n\n<li>Seit 2008 Pr\u00fcfungsexpertin f\u00fcr Gymiaufnahmepr\u00fcfung Langzeitgymnasium<\/li>\n\n\n\n<li>Von 2012 bis 2017 Leitung des offiziellen Gymivorbereitungskurses der Schule Wettswil<\/li>\n\n\n\n<li>2019 Elternvortrag zum Thema \u201eLernen\u201c f\u00fcr die gesamte Elternschaft des Schulhauses Oberhausen in Opfikon-Glattbrugg<\/li>\n\n\n\n<li>Von 2023 bis 2024 Leitung des offiziellen Gymivorbereitungskurses der Schule Untermoos in Z\u00fcrich<\/li>\n\n\n\n<li>2024 Leitung des Kurses \u201eLernen und Lerntechniken\u201c an der Schule Untermoos in Z\u00fcrich<\/li>\n<\/ul>\n\n\n\n<p><strong>Qualit\u00e4tssicherung<\/strong><br>Zur Qualit\u00e4tssicherung nehme ich regelm\u00e4ssig an Supervision- und Intervisionssitzungen teil. Ich arbeite ressourcen- und l\u00f6sungsorientiert und halte mich an die Schweigepflicht. Ich bin Mitglied beim Verband Dyslexie (dieser besch\u00e4ftigt sich mit Dyslexie und Dyskalkulie) und nehme jeweils an den Tagungen teil. <a href=\"https:\/\/www.verband-dyslexie.ch\/home.html\">https:\/\/www.verband-dyslexie.ch\/home.html<\/a><\/p>\n\n\n\n<p>Ich lerne sehr gerne. Am meisten nat\u00fcrlich, wenn mich etwas fasziniert und interessiert wie das Thema &#8222;Rechenschw\u00e4che&#8220;! Und zwar aus p\u00e4dagogischer, neurobiologischer und psychologischer Sicht. \u201eRechenschw\u00e4che\/Dyskalkulie\u201c ist ein komplexes Wissensgebiet mit verschiedenen Ans\u00e4tzen, die sich teilweise erg\u00e4nzen und teilweise gegenseitig in Frage stellen. Ich erwerbe stetig mehr Wissen, sei es mit Weiterbildungen, Vorlesungen oder auch durch Lesen eigener Literatur. Durch meine jahrelange Arbeit als Primarlehrerin sowie als Nachhilfelehrerin\/Lerncoach kann ich die Theorien hinterfragen, anwenden, ausbauen oder auch wieder verwerfen. Deshalb w\u00e4chst mein Wissen und mein Verst\u00e4ndnis f\u00fcr die Zusammenh\u00e4nge und die Schwierigkeiten beim Thema Rechenschw\u00e4che\/Dyskalkulie jeden Tag.<\/p>\n\n\n\n<p>Seit Fr\u00fchling 2020 biete ich nun Hilfe und Unterst\u00fctzung f\u00fcr Kinder\/Jugendliche mit Rechenschw\u00e4che und Dyskalkulie an. Mir macht es Spass die Kinder und Jugendlichen St\u00fcck f\u00fcr St\u00fcck an die Mathematik heranzuf\u00fchren und die mathematischen Grundlagen mit ihnen zusammen neu aufzubauen, sowie die Kinder und Jugendlichen in ihrem Selbstvertrauen zu st\u00e4rken, ihre Selbstst\u00e4ndigkeit zu f\u00f6rdern, Tipps zum Lernen weiterzugeben und daran beteiligt zu sein, dass die Beziehung innerhalb der Familie nicht durch die Mathehausaufgaben negativ \u00fcberschattet wird.<\/p>\n\n\n\n<p>Damit ich&nbsp;Sie und Ihr Kind als Lehrerin und Lerncoach hilfreich beraten kann, achte ich auf wissenschaftlich fundierte und gleichzeitig praktische Hilfestellungen, die Sie direkt im Alltag umsetzen k\u00f6nnen.<\/p>\n","protected":false},"excerpt":{"rendered":"<p>Grundausbildungen: Relevante Weiterbildungen: Kurse: Arbeitserfahrung: Qualit\u00e4tssicherungZur Qualit\u00e4tssicherung nehme ich regelm\u00e4ssig an Supervision- und Intervisionssitzungen teil. Ich arbeite ressourcen- und l\u00f6sungsorientiert und halte mich an die Schweigepflicht. Ich bin Mitglied beim Verband Dyslexie (dieser besch\u00e4ftigt sich mit Dyslexie und Dyskalkulie) und nehme jeweils an den Tagungen teil. https:\/\/www.verband-dyslexie.ch\/home.html Ich lerne sehr gerne. Am meisten nat\u00fcrlich, wenn [&hellip;]<\/p>\n","protected":false},"author":1,"featured_media":0,"parent":0,"menu_order":0,"comment_status":"closed","ping_status":"closed","template":"","meta":{"footnotes":""},"class_list":["post-25","page","type-page","status-publish","hentry"],"_links":{"self":[{"href":"https:\/\/www.rechenschwaeche-therapie.ch\/index.php\/wp-json\/wp\/v2\/pages\/25","targetHints":{"allow":["GET"]}}],"collection":[{"href":"https:\/\/www.rechenschwaeche-therapie.ch\/index.php\/wp-json\/wp\/v2\/pages"}],"about":[{"href":"https:\/\/www.rechenschwaeche-therapie.ch\/index.php\/wp-json\/wp\/v2\/types\/page"}],"author":[{"embeddable":true,"href":"https:\/\/www.rechenschwaeche-therapie.ch\/index.php\/wp-json\/wp\/v2\/users\/1"}],"replies":[{"embeddable":true,"href":"https:\/\/www.rechenschwaeche-therapie.ch\/index.php\/wp-json\/wp\/v2\/comments?post=25"}],"version-history":[{"count":16,"href":"https:\/\/www.rechenschwaeche-therapie.ch\/index.php\/wp-json\/wp\/v2\/pages\/25\/revisions"}],"predecessor-version":[{"id":335,"href":"https:\/\/www.rechenschwaeche-therapie.ch\/index.php\/wp-json\/wp\/v2\/pages\/25\/revisions\/335"}],"wp:attachment":[{"href":"https:\/\/www.rechenschwaeche-therapie.ch\/index.php\/wp-json\/wp\/v2\/media?parent=25"}],"curies":[{"name":"wp","href":"https:\/\/api.w.org\/{rel}","templated":true}]}}